be v(-4). What is the tens digit of (693/(-42))/(3/r)?
1
Let a(f) = 6*f - 19 - 7 + 2 - 7. What is the units digit of a(10)?
9
Suppose 2*u + 2*j = 108, -4*j - 47 = -2*u + 91. Suppose 2*q + q + 39 = 2*o, 3*o - 4*q = u. What is the units digit of o?
1
Let c = -5 - -9. Suppose -c*o + 4*l + 40 = 0, o - 6*o = 5*l - 20. Suppose 9 = 2*j - o. What is the units digit of j?
8
Suppose -24*i + 537 = -23*i - 3*y, -5*i = -y - 2741. What is the tens digit of i?
4
What is the tens digit of ((-1623)/4)/((-165)/880)?
6
What is the hundreds digit of (2*2 - (45 + -40))*-4413?
4
Let r(m) = -m**2 + 15*m - 4. Let k be (-316)/(-26) - (-3 - 41/(-13)). What is the units digit of r(k)?
2
Let t(k) = k**2 - 2*k + 5. Let f be t(4). Let p(m) = -m + 29. What is the tens digit of p(f)?
1
Suppose 11 = 5*r - 9. Suppose r*x + 3 = -1. What is the units digit of (x - 0)/((-1)/30)?
0
Let b = -381 + 424. What is the units digit of b?
3
Let t be (6/4)/((-21)/(-70)). Suppose -5*g = -t*w + 10, 3*w + 5*g - 8 = 30. Let a = 10 - w. What is the units digit of a?
4
Suppose 0 = q - 4*i - 5, -q - 20 = -5*q + 5*i. Suppose 103 = q*f - 352. What is the tens digit of f?
9
Let m(i) = 53*i. Let d = 24 - 20. Suppose 4*s + d*w + 1 = 21, -s - 2*w = -9. What is the units digit of m(s)?
3
Let f = 678 - 253. Suppose -2*j + p = -2*p - f, 0 = -j + 3*p + 205. What is the units digit of j?
0
Let o be (8/(-4) - 0)/(-1). Suppose o*v - 3 = 1. Suppose v*i = 4*i - 4. What is the units digit of i?
2
Suppose -6 = 4*k + 6, 5*k = -4*n + 1265. What is the units digit of n?
0
Suppose 0*f + 4*u = f - 19, 0 = -f - 3*u - 9. Suppose 3*w + 144 = -f*b, 3*b - 3*w = -19 - 107. Let t = 69 + b. What is the units digit of t?
4
Suppose -t = -6 + 3. Suppose 0 = -t*x + 96 + 243. What is the hundreds digit of x?
1
Let w(p) = p - 1. Let s be w(1). Suppose 3*y - 3*d - d - 504 = s, -2*d = -5*y + 840. What is the units digit of y/36*(-3)/(-2)?
7
What is the tens digit of (-3 - 1) + 506 - (7 - 9)?
0
Let w(p) = -p**3 - 8*p**2 - 9*p - 10. Let z be w(-7). Suppose t - 11 = -z*c - 0*t, 0 = -c + t - 1. Suppose 13 = c*y - 31. What is the tens digit of y?
2
Suppose h = 3*c + 645, -5*c + 778 - 173 = h. What is the tens digit of h?
3
Let s(g) = g**3 - g**2 + g + 33. Suppose -2 = 2*p, -2 - 2 = -4*r + 4*p. Suppose r = -3*x + 2*x. What is the tens digit of s(x)?
3
Let g be (-1 - -2)*1 + 1 + 0. Suppose x + 1 - g = 0, -5*o - 2*x + 257 = 0. What is the tens digit of o?
5
Let g = -25 - -49. What is the units digit of 160/g*(-24)/(-5)?
2
Suppose c - g + 4742 = 2*c, 5*c = 3*g + 23678. What is the thousands digit of c?
4
Suppose -16 = -3*j - j. Suppose -j*m + 127 = -25. Let d = -10 + m. What is the units digit of d?
8
Let z(q) = -2*q + 2. Let g be z(-4). Suppose -g*w = -6*w - 8. Suppose s + 54 = w*s. What is the units digit of s?
4
Let t(b) = 29*b**3 + 8*b**2 + 3*b + 5. Let g(q) = 19*q**3 + 5*q**2 + 2*q + 3. Let a(y) = 8*g(y) - 5*t(y). What is the tens digit of a(2)?
5
Let o = -6 + 13. Suppose 3*y - 38 = -0*y + 4*h, -3*y - 5*h = o. Suppose -y = -0*g - g. What is the units digit of g?
6
Let o(v) = 15*v + 1. Let w be o(-5). Let r be w/(-2) + (-28)/(-14). Suppose 4*p + r = 215. What is the units digit of p?
4
Suppose 4 = n + 3*d - 3, 2*n - d - 14 = 0. Let a = 11 - n. Suppose -4*m + 144 = 5*p, a = -p + 8. What is the units digit of m?
1
Suppose -2*g + 4 = -a, 0 = 3*g - 8 - 4. Let q be -3 + a/(12/69). Suppose -q + 2 = -2*m. What is the units digit of m?
9
Let v(r) = -14*r + 4. Suppose -6*m + 2*m + 2*u = 8, -12 = m + 2*u. Let g be v(m). Suppose 0 = -w - w + g. What is the units digit of w?
0
Suppose -29*a + 25*a + 1556 = 0. Suppose 0*b + 127 = b - 3*x, -3*b = -x - a. What is the tens digit of b?
3
Suppose -26*q + 18885 + 12835 = 0. What is the tens digit of q?
2
Let w be 357/33 + 3 + 4/22. Let k(d) = 6*d - 28. What is the units digit of k(w)?
6
Suppose 0*q + 9 = 3*q + 3*s, -25 = -5*s. Let y be (-12)/(-4) + q/(-1). Suppose y*k = -5*o - 0*o + 350, -o + 50 = -4*k. What is the tens digit of o?
6
Suppose 10 + 39 = 7*g. Suppose 5*s - 2652 = -g*s. What is the tens digit of s?
2
Suppose -2*t - 2 = -3*j, -2*t + 12 = 6*j - 2*j. Suppose -v - 121 = -j*v. What is the hundreds digit of v?
1
What is the tens digit of 7534/(2/(3/(4 + -1)))?
6
Suppose -174*z + 173*z + 55 = 0. What is the tens digit of z?
5
Let r(c) = 151*c + 148. What is the hundreds digit of r(26)?
0
Let a be (-7678)/(-55) + 4/10. Suppose 7*b - a = 5*b. What is the tens digit of b?
7
Suppose -5 = -4*p + 3. Suppose p = -u + 3*u, -53 = -v - 4*u. What is the units digit of v?
9
Let k be 145/25 + -2 + (-22)/(-10). Let s(z) = 6*z**2 - 5*z + 5. What is the hundreds digit of s(k)?
1
Suppose -15144 = -40*a + 114696. What is the hundreds digit of a?
2
Let c(t) = 2*t - 10. Let a be c(7). Suppose -a*p = 1 - 49. What is the tens digit of p?
1
Let c = 2976 + -1979. What is the tens digit of c?
9
Suppose t - 2*u + 4 = 0, -4*t + 2*u + 0 = 4. Let k = t - -28. What is the units digit of k?
8
Suppose -128*w = -106*w - 15312. What is the tens digit of w?
9
Suppose -2*r - 2*w = -2084, 2*r = -25*w + 29*w + 2114. What is the tens digit of r?
4
What is the units digit of 3/(-7) + (-361582)/(-91) + 1?
4
Let v(o) = -o**3 + 14*o**2 + o - 29. Let n be v(14). What is the hundreds digit of (-1884)/n*(105/6)/7?
3
Let z be (-1323)/5 - 4/10. Let l = z - -408. What is the tens digit of l?
4
Suppose 0 = 2*g - 2*y + 4, 4*g + 0*y + 2 = -2*y. Let p(n) be the first derivative of 14*n**3/3 + n**2 + n + 2. What is the tens digit of p(g)?
1
Let o = -15 + 40. Suppose 5*m + 0*m - o = 0. Suppose 0 = m*g + 5, 3*h - 3*g = 8*h - 157. What is the tens digit of h?
3
Let c = 0 + 3. Let r(j) = -3*j**2 + j**3 + 1 + 0*j - 2*j**3 - j**c - 3*j. What is the units digit of r(-3)?
7
Suppose -7*g = -13527 - 13024. What is the units digit of g?
3
Let b(u) = 3*u**2 + 7*u - 10. Suppose 0 = -i - 2*n + 3 - 1, -2*i - 3*n + 4 = 0. Let y be 8/2 - (12 - i). What is the tens digit of b(y)?
5
Let t(s) = 2 - 5*s - 3*s**2 + s**2 - s**3 + 7*s**2. Let n be t(4). What is the tens digit of 66/(-9)*3/n?
1
Let u(c) = -111*c**3 - 6*c**2 + 6*c - 7. Let p(s) = 55*s**3 + 3*s**2 - 3*s + 4. Let i(g) = -5*p(g) - 3*u(g). What is the units digit of i(1)?
9
Let p(k) = k**2 - 5*k - 17. Let a be ((-6)/(-9)*-12)/1. What is the tens digit of p(a)?
8
Suppose 0*a - 573 = -i - 2*a, 2*i - 2*a - 1128 = 0. What is the tens digit of i?
6
What is the units digit of (4 + -4 - 345)*-1?
5
Let n = 126 - 207. What is the units digit of -1 + (-14)/(-18) + (-13626)/n?
8
Let f be (144/(-3))/4*-25. Suppose 4*y + y = f. Let g = y - 1. What is the units digit of g?
9
Let o(p) = 149*p**2 - 34*p - 70. What is the units digit of o(-2)?
4
Let p be 4/10 - ((-37872)/30)/4. Suppose 5*b + p = 2*z, 2*z + 10*b = 5*b + 336. What is the hundreds digit of z?
1
Suppose 143*d - 137*d = 216. What is the units digit of d?
6
Let c = -10 - 0. Let a(d) = -2*d + 31. Let o be a(16). What is the tens digit of c/4*(-11 - o)?
2
Suppose -486*t + 479*t = -7574. What is the tens digit of t?
8
Let f(b) = -b**3 - 3*b**2 - 6*b - 4. Let d be (-50)/15*18/15. What is the tens digit of f(d)?
3
Let q(z) = -z**2 + 7*z - 2. Let p be q(6). Suppose -p*f = -136 - 80. What is the tens digit of f?
5
Let i(s) be the third derivative of s**4/8 + 5*s**3/6 + 10*s**2. What is the tens digit of i(17)?
5
Let r(g) = g**2 + 9*g - 3. Let j be r(-6). Let w(x) = -2*x**3 - 16*x**2 - 16*x - 16. Let q be w(-5). Let b = j - q. What is the tens digit of b?
6
Let w be 4/18 + 10570/(-18). What is the tens digit of w/(-4) + (-2)/(-8)?
4
Let p be (-1)/((-3)/405 + 0). Suppose 0 = 2*r - p - 125. What is the hundreds digit of r?
1
Suppose -17*f - 18 = -26*f. Let s(g) = 17*g + 5. What is the tens digit of s(f)?
3
Let n = 107 + -98. Suppose 882 = 15*v - n*v. What is the hundreds digit of v?
1
Let d(p) = 5*p**2 + 3*p - 3. Suppose -3*a - 47 = -g + 61, 3*a + 111 = 2*g. Let w be (-12)/(-7) + (-10)/a. What is the units digit of d(w)?
3
Let s(p) = -3*p + 2*p + 2*p - 2. Let g be s(0). What is the units digit of (g + -3)*-1 + 0?
5
Suppose 35 = 4*h - 5*p - 24, 4*p = 2*h - 28. Let g = 11 + h. What is the units digit of g?
7
Let x = -69 + 575. What is the hundreds digit of x?
5
Suppose -5*u = 8*w - 13*w - 4715, 0 = 3*u + 5*w - 2853. What is the units digit of u?
6
Let c(z) = -z**3 - 4*z**2 + 4*z 